{"id":256,"date":"2025-12-01T15:37:02","date_gmt":"2025-12-01T15:37:02","guid":{"rendered":"https:\/\/www.theatredesreves.com\/index.php\/terms-of-use\/"},"modified":"2026-04-12T16:20:47","modified_gmt":"2026-04-12T16:20:47","slug":"mentions-legales","status":"publish","type":"page","link":"https:\/\/www.theatredesreves.com\/?page_id=256","title":{"rendered":"MENTIONS L\u00c9GALES"},"content":{"rendered":"\t\t<div data-elementor-type=\"wp-page\" data-elementor-id=\"256\" class=\"elementor elementor-256\" data-elementor-post-type=\"page\">\n\t\t\t\t<div class=\"elementor-element elementor-element-3e697d9b e-flex e-con-boxed e-con e-parent\" data-id=\"3e697d9b\" data-element_type=\"container\" data-e-type=\"container\">\n\t\t\t\t\t<div class=\"e-con-inner\">\n\t\t<div class=\"elementor-element elementor-element-73f91196 e-con-full e-flex e-con e-child\" data-id=\"73f91196\" data-element_type=\"container\" data-e-type=\"container\" data-settings=\"{&quot;background_background&quot;:&quot;classic&quot;}\">\n\t\t\t\t<div class=\"elementor-element elementor-element-2b8a647c elementor-view-stacked elementor-position-inline-start elementor-shape-circle elementor-mobile-position-block-start elementor-widget elementor-widget-icon-box\" data-id=\"2b8a647c\" data-element_type=\"widget\" data-e-type=\"widget\" data-widget_type=\"icon-box.default\">\n\t\t\t\t\t\t\t<div class=\"elementor-icon-box-wrapper\">\n\n\t\t\t\t\t\t<div class=\"elementor-icon-box-icon\">\n\t\t\t\t<span  class=\"elementor-icon\">\n\t\t\t\t<svg aria-hidden=\"true\" class=\"e-font-icon-svg e-fas-circle\" viewBox=\"0 0 512 512\" xmlns=\"http:\/\/www.w3.org\/2000\/svg\"><path d=\"M256 8C119 8 8 119 8 256s111 248 248 248 248-111 248-248S393 8 256 8z\"><\/path><\/svg>\t\t\t\t<\/span>\n\t\t\t<\/div>\n\t\t\t\n\t\t\t\t\t\t<div class=\"elementor-icon-box-content\">\n\n\t\t\t\t\t\t\t\t\t<h3 class=\"elementor-icon-box-title\">\n\t\t\t\t\t\t<span  >\n\t\t\t\t\t\t\tMENTIONS L\u00c9GALES\t\t\t\t\t\t<\/span>\n\t\t\t\t\t<\/h3>\n\t\t\t\t\n\t\t\t\t\n\t\t\t<\/div>\n\t\t\t\n\t\t<\/div>\n\t\t\t\t\t\t<\/div>\n\t\t\t\t<div class=\"elementor-element elementor-element-145303d9 elementor-widget elementor-widget-text-editor\" data-id=\"145303d9\" data-element_type=\"widget\" data-e-type=\"widget\" data-widget_type=\"text-editor.default\">\n\t\t\t\t\t\t\t\t\t<p class=\"p1\">\u00a0<\/p><h2><b>1. \u00c9diteur du site<\/b><\/h2><p class=\"p3\">Nom de l\u2019entreprise : <span class=\"s2\"><b>Th\u00e9\u00e2tre des R\u00eaves<\/b><b><\/b><\/span><\/p><p class=\"p4\"><span class=\"s3\">Forme juridique :<\/span><b> Association loi 1901<\/b><\/p><p class=\"p4\"><span class=\"s3\">Adresse : <\/span><b>4 cours Bosquet 64000 PAU<\/b><b><\/b><\/p><p class=\"p3\">T\u00e9l\u00e9phone : <span class=\"s2\"><b>0603848025<\/b><\/span><\/p><p class=\"p4\"><span class=\"s3\">E-mail : <\/span><b>contact@theatredesreves.com<\/b><b><\/b><\/p><p class=\"p3\">Num\u00e9ro d\u2019immatriculation : <span class=\"s2\"><b>\u00a0<span class=\"pull-right\" data-v-5dc08ea0=\"\">N\u00b0 SIREN : 103332243<\/span><\/b><\/span><\/p><p class=\"p4\"><span class=\"s3\">Capital social :<\/span><b><\/b><\/p><p class=\"p3\">Directeur de la publication : <span class=\"s2\"><b>ALEXANDRE JEAN<\/b><\/span><\/p>\t\t\t\t\t\t\t\t<\/div>\n\t\t\t\t<div class=\"elementor-element elementor-element-2c0f96e2 elementor-widget elementor-widget-text-editor\" data-id=\"2c0f96e2\" data-element_type=\"widget\" data-e-type=\"widget\" data-widget_type=\"text-editor.default\">\n\t\t\t\t\t\t\t\t\t<h2><b>2. H\u00e9bergement<\/b><\/h2><p class=\"p3\"><span class=\"s2\">H\u00e9bergeur : <b>OVH SAS<\/b><\/span><b><\/b><\/p><p class=\"p3\"><span class=\"s2\">Adresse : <\/span><b>2 RUE KELLERMAN . 59100 ROUBAIX<\/b><b><\/b><\/p><p class=\"p4\">Site web : <span class=\"s3\"><b>ovhcloud.com<\/b><b><\/b><\/span><\/p>\t\t\t\t\t\t\t\t<\/div>\n\t\t\t\t<div class=\"elementor-element elementor-element-69074653 elementor-widget elementor-widget-text-editor\" data-id=\"69074653\" data-element_type=\"widget\" data-e-type=\"widget\" data-widget_type=\"text-editor.default\">\n\t\t\t\t\t\t\t\t\t<p class=\"p1\">\u00a0<\/p><h2><b>3. Propri\u00e9t\u00e9 intellectuelle<\/b><\/h2><p class=\"p3\">L\u2019ensemble du contenu pr\u00e9sent sur le site th\u00e9\u00e2tredesr\u00eaves.com (<span class=\"s2\"><b>textes, images, graphiques, logos, vid\u00e9os, ic\u00f4nes, etc.<\/b><\/span>) est la propri\u00e9t\u00e9 exclusive de <span class=\"s2\"><b>th\u00e9atredesr\u00eaves.com<\/b><\/span>, sauf mention contraire.<\/p><p class=\"p3\">Toute reproduction, distribution, modification ou adaptation du contenu, m\u00eame partielle, est interdite sans autorisation \u00e9crite pr\u00e9alable.<\/p>\t\t\t\t\t\t\t\t<\/div>\n\t\t\t\t<div class=\"elementor-element elementor-element-1a701706 elementor-widget elementor-widget-text-editor\" data-id=\"1a701706\" data-element_type=\"widget\" data-e-type=\"widget\" data-widget_type=\"text-editor.default\">\n\t\t\t\t\t\t\t\t\t<h2><b>4. Donn\u00e9es personnelles (RGPD)<\/b><\/h2><p class=\"p3\">Les informations recueillies sur le site (formulaire de contact, inscriptions, commandes, etc.) sont enregistr\u00e9es par <span class=\"s2\"><b>TH\u00c9ATRE DES R\u00caVES<\/b><\/span>\u00a0pour la gestion des demandes, commandes ou relations clients.<\/p><p class=\"p3\">Conform\u00e9ment au RGPD et \u00e0 la loi \u00ab Informatique et Libert\u00e9s \u00bb :<\/p><p class=\"p3\">Tu disposes d\u2019un droit d\u2019acc\u00e8s, de rectification, de suppression, d\u2019opposition ou de portabilit\u00e9 concernant tes donn\u00e9es.<\/p><p class=\"p3\">Pour exercer ces droits :<\/p><p class=\"p4\"><span class=\"s3\">\ud83d\udce7 <\/span><b>donneespersonnelles@theatredesreves.com<\/b><b><\/b><\/p><p class=\"p3\">\ud83d\udcee Ou par courrier : <span class=\"s2\"><b>4 cours Bosquet 64000 PAU<\/b><b><\/b><\/span><\/p><p class=\"p3\">Les donn\u00e9es ne sont <span class=\"s2\"><b>jamais vendues<\/b><\/span> \u00e0 des tiers.<\/p>\t\t\t\t\t\t\t\t<\/div>\n\t\t\t\t<div class=\"elementor-element elementor-element-440b0fb7 elementor-widget elementor-widget-text-editor\" data-id=\"440b0fb7\" data-element_type=\"widget\" data-e-type=\"widget\" data-widget_type=\"text-editor.default\">\n\t\t\t\t\t\t\t\t\t<h2><b>5. Cookies<\/b><\/h2><p class=\"p3\">Le site peut utiliser des cookies destin\u00e9s \u00e0 :<\/p><ul><li><p class=\"p1\">am\u00e9liorer l\u2019exp\u00e9rience utilisateur,<\/p><\/li><li><p class=\"p1\">mesurer l\u2019audience,<\/p><\/li><li><p class=\"p1\">permettre le fonctionnement technique du site.<\/p><\/li><\/ul><p class=\"p3\">Tu peux g\u00e9rer ou refuser les cookies via ton navigateur.<\/p>\t\t\t\t\t\t\t\t<\/div>\n\t\t\t\t<div class=\"elementor-element elementor-element-7992fed9 elementor-widget elementor-widget-text-editor\" data-id=\"7992fed9\" data-element_type=\"widget\" data-e-type=\"widget\" data-widget_type=\"text-editor.default\">\n\t\t\t\t\t\t\t\t\t<h2><b>6. Responsabilit\u00e9<\/b><\/h2><p class=\"p3\">L\u2019\u00e9diteur du site d\u00e9cline toute responsabilit\u00e9 en cas :<\/p><ul><li><p class=\"p1\">d\u2019erreurs ou omissions dans le contenu,<\/p><\/li><li><p class=\"p1\">d\u2019indisponibilit\u00e9 du site,<\/p><\/li><li><p class=\"p1\">de dommages directs ou indirects li\u00e9s \u00e0 l\u2019utilisation du site.<\/p><\/li><\/ul>\t\t\t\t\t\t\t\t<\/div>\n\t\t\t\t<div class=\"elementor-element elementor-element-e3ba660 elementor-widget elementor-widget-text-editor\" data-id=\"e3ba660\" data-element_type=\"widget\" data-e-type=\"widget\" data-widget_type=\"text-editor.default\">\n\t\t\t\t\t\t\t\t\t<h2><b>7. Liens externes<\/b><\/h2><p class=\"p3\">Le site peut contenir des liens vers d\u2019autres sites.<\/p><p class=\"p3\">L\u2019\u00e9diteur n\u2019est pas responsable du contenu ou du fonctionnement de ces sites tiers.<\/p>\t\t\t\t\t\t\t\t<\/div>\n\t\t\t\t<div class=\"elementor-element elementor-element-2a36c44 elementor-widget elementor-widget-text-editor\" data-id=\"2a36c44\" data-element_type=\"widget\" data-e-type=\"widget\" data-widget_type=\"text-editor.default\">\n\t\t\t\t\t\t\t\t\t<h2 class=\"p1\">\u00a0<b>8. Droit applicable<\/b><\/h2><p class=\"p3\">Le pr\u00e9sent site est soumis au <span class=\"s2\"><b>droit fran\u00e7ais<\/b><\/span>.<\/p><p class=\"p3\">En cas de litige, et \u00e0 d\u00e9faut d\u2019accord amiable, les tribunaux fran\u00e7ais seront comp\u00e9tents.<\/p>\t\t\t\t\t\t\t\t<\/div>\n\t\t\t\t<div class=\"elementor-element elementor-element-199a546b elementor-absolute elementor-widget elementor-widget-menu-anchor\" data-id=\"199a546b\" data-element_type=\"widget\" data-e-type=\"widget\" data-settings=\"{&quot;_position&quot;:&quot;absolute&quot;}\" data-widget_type=\"menu-anchor.default\">\n\t\t\t\t\t\t\t<div class=\"elementor-menu-anchor\" id=\"privacy\"><\/div>\n\t\t\t\t\t\t<\/div>\n\t\t\t\t<\/div>\n\t\t\t\t\t<\/div>\n\t\t\t\t<\/div>\n\t\t<div class=\"elementor-element elementor-element-36c0d1f4 e-flex e-con-boxed e-con e-parent\" data-id=\"36c0d1f4\" data-element_type=\"container\" data-e-type=\"container\">\n\t\t\t\t\t<div class=\"e-con-inner\">\n\t\t<div class=\"elementor-element elementor-element-1a84af62 e-con-full e-flex e-con e-child\" data-id=\"1a84af62\" data-element_type=\"container\" data-e-type=\"container\" data-settings=\"{&quot;background_background&quot;:&quot;classic&quot;}\">\n\t\t\t\t<div class=\"elementor-element elementor-element-2c1e6cb5 elementor-view-stacked elementor-position-inline-start elementor-shape-circle elementor-mobile-position-block-start elementor-widget elementor-widget-icon-box\" data-id=\"2c1e6cb5\" data-element_type=\"widget\" data-e-type=\"widget\" data-widget_type=\"icon-box.default\">\n\t\t\t\t\t\t\t<div class=\"elementor-icon-box-wrapper\">\n\n\t\t\t\t\t\t<div class=\"elementor-icon-box-icon\">\n\t\t\t\t<span  class=\"elementor-icon\">\n\t\t\t\t<svg aria-hidden=\"true\" class=\"e-font-icon-svg e-fas-circle\" viewBox=\"0 0 512 512\" xmlns=\"http:\/\/www.w3.org\/2000\/svg\"><path d=\"M256 8C119 8 8 119 8 256s111 248 248 248 248-111 248-248S393 8 256 8z\"><\/path><\/svg>\t\t\t\t<\/span>\n\t\t\t<\/div>\n\t\t\t\n\t\t\t\n\t\t<\/div>\n\t\t\t\t\t\t<\/div>\n\t\t\t\t<\/div>\n\t\t\t\t\t<\/div>\n\t\t\t\t<\/div>\n\t\t\t\t<\/div>\n\t\t","protected":false},"excerpt":{"rendered":"<p>MENTIONS L\u00c9GALES \u00a0 1. \u00c9diteur du site Nom de l\u2019entreprise : Th\u00e9\u00e2tre des R\u00eaves Forme juridique : Association loi 1901 Adresse : 4 cours Bosquet 64000 PAU T\u00e9l\u00e9phone : 0603848025 E-mail : contact@theatredesreves.com Num\u00e9ro d\u2019immatriculation : \u00a0N\u00b0 SIREN : 103332243 Capital social : Directeur de la publication : ALEXANDRE JEAN 2. H\u00e9bergement H\u00e9bergeur : OVH [&hellip;]<\/p>\n","protected":false},"author":1,"featured_media":0,"parent":0,"menu_order":0,"comment_status":"closed","ping_status":"closed","template":"elementor_header_footer","meta":{"footnotes":""},"class_list":["post-256","page","type-page","status-publish","hentry"],"_links":{"self":[{"href":"https:\/\/www.theatredesreves.com\/index.php?rest_route=\/wp\/v2\/pages\/256","targetHints":{"allow":["GET"]}}],"collection":[{"href":"https:\/\/www.theatredesreves.com\/index.php?rest_route=\/wp\/v2\/pages"}],"about":[{"href":"https:\/\/www.theatredesreves.com\/index.php?rest_route=\/wp\/v2\/types\/page"}],"author":[{"embeddable":true,"href":"https:\/\/www.theatredesreves.com\/index.php?rest_route=\/wp\/v2\/users\/1"}],"replies":[{"embeddable":true,"href":"https:\/\/www.theatredesreves.com\/index.php?rest_route=%2Fwp%2Fv2%2Fcomments&post=256"}],"version-history":[{"count":19,"href":"https:\/\/www.theatredesreves.com\/index.php?rest_route=\/wp\/v2\/pages\/256\/revisions"}],"predecessor-version":[{"id":2751,"href":"https:\/\/www.theatredesreves.com\/index.php?rest_route=\/wp\/v2\/pages\/256\/revisions\/2751"}],"wp:attachment":[{"href":"https:\/\/www.theatredesreves.com\/index.php?rest_route=%2Fwp%2Fv2%2Fmedia&parent=256"}],"curies":[{"name":"wp","href":"https:\/\/api.w.org\/{rel}","templated":true}]}}